 when t(m) is divided by 24?
10
Let i = 632 + -587. What is the remainder when 2652 is divided by i?
42
Let m(q) = 144*q**2 - 56*q - 118. What is the remainder when m(-2) is divided by 31?
12
Suppose -4*k = 16, -3*u = -3*k - 742 - 449. What is the remainder when u is divided by 57?
51
Suppose -l = -14*a + 15*a - 104, 0 = 4*l + 20. Calculate the remainder when 640 is divided by a.
95
Suppose 7*m + 1413 = -617. Let a = 530 + m. Suppose -a = 8*g - 14*g. Calculate the remainder when g is divided by 15.
10
Suppose -59657*z = -59630*z - 1188. Calculate the remainder when 494 is divided by z.
10
Suppose 43693 = -12471*i + 12484*i. Calculate the remainder when i is divided by 59.
57
Let k be (-2 - 0)*(-7)/14. Let n(a) = 4*a**3 + a**2. Let p be n(k). Suppose -3*u + 38 = -p*g + 5, u = -2*g + 22. What is the remainder when 30 is divided by u?
14
Let i = 302 - 299. Suppose i*z = -3*z + 282. What is the remainder when 279 is divided by z?
44
Let a = 12 - 7. Suppose 0*y + 65 = a*y. Let l(q) = q**2 + 26*q + 93. What is the remainder when y is divided by l(-22)?
3
Suppose 33*q + 1951 = -11*q + 22631. What is the remainder when q is divided by 120?
110
What is the remainder when 8/((6/9)/1 - (-488)/(-793)) is divided by 84?
72
Let w(h) = -h**2 - 12*h + 5. Let r be w(-5). Let d = 51 - r. Suppose 2*g + 522 = d*g. What is the remainder when g is divided by 30?
28
Let o(q) = -q**3 + 8*q**2 - 743*q + 4417. Let z(m) = m**2 + m + 90. Calculate the remainder when z(0) is divided by o(6).
28
Let w(b) = b**3 + 4*b**2 - 5*b - 4. Let m = 4230 + -4171. What is the remainder when m is divided by w(-4)?
11
Suppose -553 = 15*x + 512. Let b = -61 - -41. Let z = b - x. What is the remainder when z is divided by 13?
12
Let u(a) be the second derivative of a**5/20 + a**4 - a**3/6 + 39*a**2/2 + a - 8. Calculate the remainder when u(-12) is divided by 18.
15
Suppose 9*m + 8*m = 80 + 2198. Calculate the remainder when m is divided by 128.
6
Suppose 5*x = c + 20, 5*c + 117 = -3*x + 17. Let q(u) = -u**3 - 4*u**2 - u - 6. Let l be q(-3). Let f = l - c. What is the remainder when f is divided by 6?
2
Suppose 3*u = -3, 4*q + 93 - 386 = 5*u. Calculate the remainder when 355 is divided by q.
67
Let p = -23 - -59. Let q = 781 + -533. Calculate the remainder when q is divided by p.
32
Let u = -2770 - -2910. Calculate the remainder when 298 is divided by u.
18
Let q be (-2)/(-3)*6*(-25)/(-20). Let i be (-4)/q - 1/5 - 66. Let p = i - -93. What is the remainder when p is divided by 8?
2
Suppose -28*n + 31*n = 579. Suppose -2*z + 992 - n = h, -5*h + 2010 = 5*z. Calculate the remainder when z is divided by 57.
55
Let l(i) = -i**2 - 62*i + 2178. What is the remainder when l(-68) is divided by 100?
70
Suppose 43 = -h + 78. Suppose -3*r - 120 = -4*n, 3*r - h = -n + 10. Calculate the remainder when n is divided by 21.
12
Let a(d) be the third derivative of d**6/120 - 13*d**5/60 - 11*d**4/24 - 11*d**3/6 + 35*d**2 + 2. Calculate the remainder when a(14) is divided by 16.
15
Suppose -173 = -5*s + 2*w, 0 = 11*s - 7*s + 2*w - 160. Calculate the remainder when 359 is divided by s.
26
Let a(w) = -2*w**2 + 9*w + 141. Suppose 0 = -3*y + 4*p + 348, -2*p + 135 = y + 3*p. Calculate the remainder when y is divided by a(10).
27
Suppose -18*f + 11*f + 126 = 0. Suppose -f*g + 452 = -88. Calculate the remainder when 209 is divided by g.
29
Suppose 2*c - 7*c = 5*d - 55, -2*c + 19 = 5*d. Calculate the remainder when 368 is divided by c.
8
Let i(q) = -q**2 - 59*q - 20. Calculate the remainder when i(-7) is divided by 157.
30
Let i(s) = 5*s**3 + 6*s**2 - 3. Let y(j) = j**3 + 51*j**2 + 153*j + 518. Calculate the remainder when i(5) is divided by y(-48).
84
Let z(i) = 3*i**2 + 31*i - 478. Let g = 1038 - 734. Calculate the remainder when g is divided by z(-20).
100
Let x = -106 - -111. What is the remainder when (-10643)/(-87) + x/3 is divided by -2 - -47 - (1 - -1)?
38
Suppose 4*v = -v + 25. Suppose 136 = v*q + 31. Suppose 0 = n + 5*z - 37, 2*n - 8*z = -11*z + 130. What is the remainder when n is divided by q?
14
Suppose 606 = -23*t + 10726 + 5865. Calculate the remainder when t is divided by 43.
7
Let d = 300342 + -300253. Let a = 1 + 9. What is the remainder when d is divided by a?
9
Let c(p) = -p**3 - 57*p**2 - 807*p + 41. Calculate the remainder when c(-31) is divided by (-2)/((-2)/13) + 0.
7
Let p = -42 + 25. Let i(b) = -b**2 - 18*b + 10. What is the remainder when 36 is divided by i(p)?
9
Suppose -110*z + 109*z + 7 = 0. Let o = 7 + z. Let f = 85 - 58. Calculate the remainder when f is divided by o.
13
Suppose -44*d = -537 - 1179. Calculate the remainder when 302 is divided by d.
29
Suppose -123*p + 20 = -119*p. Suppose 30 = v - 3*m - 14, p*v - 239 = -4*m. What is the remainder when v is divided by 17?
13
Suppose -3*x = 5 + 1. Let u(r) = -77*r + 21. Let p(n) = 1001*n - 275. Let z(q) = 5*p(q) + 66*u(q). What is the remainder when z(x) is divided by 24?
21
Let r = -168 - -193. What is the remainder when 124 is divided by r?
24
Let h = 369 + -365. Suppose -276 = -4*t + 4*k, -h*t - 4*k + 429 = 137. Calculate the remainder when t is divided by 26.
19
Let s(m) = -2*m**2 + 27*m + 18. Suppose -2*q + 13 = -q. What is the remainder when 91 is divided by s(q)?
29
Suppose 0 = 2*d + 18 - 8. Let p be (-84)/60 + 3/d. What is the remainder when 111 is divided by 29 - (p/(-6))/(8/24)?
27
Let m = 140 - 2. Suppose 0 = 2*q - d - m, 0 = -q + 6*q - d - 339. What is the remainder when q is divided by 30?
7
Suppose 6*f - 278 = 160. Suppose 0 = -3*t + f + 230. Suppose 2*z - t = -4*o - z, 0 = -3*o - 3*z + 78. Calculate the remainder when 67 is divided by o.
21
What is the remainder when 1171 is divided by (-4 + 15 - 10)*17?
15
Suppose 0 = -3*g + 45 + 114. Suppose 11*q + 2 = -11*q + 20*q, 4*q + 271 = 3*y. What is the remainder when y is divided by g?
36
Suppose -2*g - 5*v + 285 = 0, -2*v + 53 - 51 = 0. Suppose b + g = 8*b. What is the remainder when 96 is divided by b?
16
Suppose -43*x + 2093 + 23397 = 6355. What is the remainder when x is divided by 116?
97
Calculate the remainder when 390 is divided by (1 - -83) + 7/(-2)*-2.
26
Let j(x) = x**2 + 1. Let z be j(-2). Suppose z*r = 3*r + 52. Suppose 117*t = 107*t + 510. What is the remainder when t is divided by r?
25
Suppose 154*t + 4589 - 4930 = 14597. Let i(x) = -x**3 + 6*x**2 - 5. What is the remainder when t is divided by i(5)?
17
Suppose 176 = -c - y - 123, -903 = 3*c + 5*y. Let b = c + 583. Calculate the remainder when b is divided by 36.
35
Let l(a) = -a**2 - 3*a + 3. Let r be l(-3). Suppose -r*i + 24 + 3 = 0. Calculate the remainder when ((-26588)/(-4624))/(2/8 - 0) is divided by i.
5
Let s(y) = 2*y**2 - 29*y - 78. Let q be s(-3). Suppose 0 = q*t + 1630 - 4492. Let l = -18 - -45. What is the remainder when t is divided by l?
25
Suppose 2*r + 2*t - 3709 + 81 = 0, r - 1802 = -4*t. Calculate the remainder when r is divided by 15.
3
Let o(g) be the second derivative of 2*g**3/3 + 13*g**2/2 + 19*g - 1. Let n(i) = i**2 - i - 5. Let q be n(4). What is the remainder when o(q) is divided by 9?
5
Let c = -13560 + 13673. Calculate the remainder when 316 is divided by c.
90
Suppose -17 = -2*m - 3. Calculate the remainder when m is divided by (-25)/(400/(-112)) + -2.
2
What is the remainder when (8 - -615) + 8 + -15 is divided by 37?
24
Calculate the remainder when 834 is divided by 3*(-714)/63*2*-3.
18
Suppose -29*i + 333 = -102. What is the remainder when 1709 is divided by i?
14
Suppose -4*h = 4*m - 136, 3*m + h - 103 = -3*h. Let l(n) = 2646*n + 553073. What is the remainder when l(-209) is divided by m?
26
Suppose 6*f = -6*f - 744. Suppose 33 = 2*s + 1. Let m = s - f. What is the remainder when m is divided by 27?
24
Suppose 0 = 23*h - 20*h + 5*x - 2409, -1656 = -2*h + 5*x. What is the remainder when h is divided by 182?
85
Let l = 821 - 821. Suppose l = 18*t - 4*t - 798. Let f = -20 + 35. Calculate the remainder when t is divided by f.
12
Let j = 76 - 62. Let u = 9 - j. What is the remainder when (-3 + 24/9)/(u/285) is divided by 3?
1
Let q = -15 - -17. Suppose -392 = q*a - 6*a. Suppose 4*c + 30 = a. What is the remainder when 65 is divided by c?
14
Suppose d + 19*d - 146864 = -47*d. What is the remainder when d is divided by 6?
2
Let y(m) = -7*m**2 + 145*m - 157. What is the remainder when